the value of 2 - (-7 + -2 + 6 - -4)?
1
-4 - (0 - 5) - 1
0
What is (2 + -3 - -3) + 5 - 5?
2
Calculate -7 - ((2 - -1) + -7).
-3
(36 - 42) + 0 + -3 + 9
0
Evaluate (-1 - -2) + (13 - (5 + 2)).
7
(0 - 3) + 0 - -1
-2
What is the value of 1 + (-2 - -2 - -2)?
3
Evaluate (1 + 5 - 8) + -2.
-4
Calculate 1 - (-3 - (0 + (3 - 6))).
1
-1 + -10 + -12 + 18 + 7
2
-3 + 9 - (2 - (-3 + 1))
2
(-2 - -2) + -3 + 3 + 3
3
What is (-1 - 5) + (-2 - (6 - 9))?
-5
What is 1 - ((-3 - (-2 + -2)) + 1)?
-1
-5 + 4 + -3 - -1
-3
Calculate (-3 - 1 - -5 - -1) + -3.
-1
What is the value of 6 + (-1 - (-14 - -12))?
7
(-115 - -111) + (4 - 0)
0
What is 6 - ((-6 - (-21 + 5)) + -7)?
3
Calculate (-3 - -8 - -4) + -4.
5
3 + -2 + (-3 - -3)
1
What is the value of -1 - -7 - (2 - 3 - 2)?
9
What is 3 + -2 + -3 + 3 - 2?
-1
Evaluate (-7 - (-2 + 5)) + (24 - 16).
-2
Evaluate -4 - (2 - (9 - (-1 + 0))).
4
-12 + 2 + (-6 - -10)
-6
What is -4 + (4 - -5 - 5) + 2?
2
What is 10 - ((-7 + -4 - -6) + 7)?
8
Calculate -4 + 6 + -2 - -3.
3
What is (0 - (-4 + 5)) + 6?
5
Evaluate (-10 - -6 - (-3 + 0)) + 3.
2
What is the value of -8 + 0 - (-12 + -2) - -4?
10
4 + (-6 - (-2 + 6)) - -1
-5
Calculate -4 - (-13 + -1) - 3.
7
(3 - 3) + 7 + -3 + 0
4
Evaluate 1 + (4 - 3) - -3.
5
What is -2 + -2 - (6 + -4 - 1)?
-5
Calculate -8 + -7 + 9 + 3.
-3
Evaluate (-1 - -2) + -8 + 5 + 0.
-2
What is the value of -12 - -5 - (5 + 1 + -6)?
-7
Calculate -10 - (4 + 2 + -3 + -7).
-6
1 + (2 - 1) + (5 - 11)
-4
What is 4 - 3 - 3 - -3 - -1?
2
1 - (-3 - -5) - 6
-7
What is -3 + (-2 + 1 - 2) + 7?
1
Calculate 3 + (-10 + 7 - 3).
-3
What is -7 + 4 - -2 - -2?
1
Calculate -3 + 5 + 6 + -3.
5
-1 + -2 + 3 - (-1 + 1)
0
Calculate (8 - 8 - 4) + -2.
-6
What is the value of -1 - (4 + 2 - -1)?
-8
Evaluate 3 + -9 + (9 - (10 + -4)).
-3
What is the value of 2 + -7 + 8 - 3?
0
Calculate 4 - (3 - 5) - 9.
-3
Evaluate 5 - 6 - 2 - -2.
-1
Calculate -7 + 7 + (-4 - -1 - 0).
-3
What is the value of (3 - 2) + 1 + -2?
0
What is the value of -9 - ((1 - -1) + -12)?
1
What is the value of (-5 - -3 - 3) + 4 + -1?
-2
What is the value of -5 - (1 + -12) - 1?
5
What is 0 + (-1 + 2 - 3) - -5?
3
What is the value of 6 - (5 + 6 + -2 + 0)?
-3
-2 - (2 + 2 + -2)
-4
2 + -5 + (1 - (3 + -2))
-3
What is 1 + -8 - -1 - -9?
3
Evaluate 11 + (-6 - 1) + 1 + -8.
-3
Calculate (-2 - -4) + 6 + (-6 - -3).
5
What is (-1 - -1) + 9 + -3?
6
-1 + (2 + -4 + 6 - 2)
1
What is the value of (-2 - (-5 + -5 + 3)) + 0?
5
What is 6 + -5 + 20 - 14?
7
What is the value of 2 - ((9 - 8) + (2 - 4))?
3
What is the value of 5 - -2 - (9 - 7)?
5
What is -13 + 21 - (7 - -1)?
0
Calculate -7 - (-6 + -1 - -7).
-7
Calculate 4 + (-6 - -4 - -1) + -2.
1
What is the value of 0 + -2 + 7 + -1?
4
What is the value of 10 + (6 - (0 - -19))?
-3
What is (0 - (0 + -2)) + -5?
-3
0 + -1 - ((3 - 10) + 5)
1
What is the value of 2 + (-2 - 4) - (-10 + 8)?
-2
Calculate (7 - -3) + -7 + -5.
-2
1 + -1 + (2 - 1) - 4
-3
Calculate -4 + -1 + 3 + 3.
1
What is (1 - -3) + 13 + -18 - 5?
-6
What is 7 + (-10 - -13 - 7)?
3
Calculate -5 + 5 + -2 - (0 + -2).
0
What is (17 - 9) + (1 - 5)?
4
What is the value of -3 - -5 - -3 - (2 - -1)?
2
Calculate 11 + (10 + -14 - 8).
-1
What is the value of -3 - -1 - (3 + -10 - -9)?
-4
Evaluate -2 - (-5 + 8 + -1).
-4
Calculate 9 + -3 - 6 - (-1 - -1).
0
-3 + (2 - (4 - 6))
1
(0 - 2) + (3 - (3 - -1))
-3
What is -2 + 2 - -4 - 4?
0
-1 + (-8 - -4 - -10)
5
Evaluate -6 + (5 - (4 - 6)).
1
Calculate -6 + -1 - (2 - 8).
-1
Evaluate -3 + 8 + -4 + 1 - 3.
-1
What is -2 + 0 + (5 - (3 - 0))?
0
Evaluate -5 + 2 - (3 - 1).
-5
What is the value of 2 + 2 - (-2 + 7)?
-1
What is the value of -8 - ((3 - 8) + (-12 - -15))?
-6
4 - (2 - -2) - -5
5
(-4 - (0 + 2)) + 6 - 4
-4
6 + 5 + -5 + -2
4
(3 - -2) + -38 + 24
-9
What is the value of 2 + (3 - 7) - (1 + 0)?
-3
What is the value of -2 + 4 - (-4 + 2)?
4
Calculate (12 - 6) + -8 - (0 + -5).
3
What is -8 + -2 + (-8 + 16 - 6)?
-8
(0 - -5) + (-6 + 2 - 6)
-5
What is 4 - (2 + 0) - (2 + -3)?
3
What is (-6 - -7) + (-4 - -5)?
2
Calculate -4 - (-14 - (-4 + -3)).
3
What is the value of -1 + (0 - 13 - (12 + -18))?
-8
What is the value of -9 - (-12 + 10 + 0)?
-7
What is 3 - 5 - 4 - 3 - -4?
-5
What is (0 + -4 - 0) + -9 + 15?
2
Calculate 2 + (-8 - (-3 + 3)) + 3.
-3
What is 2 - 4 - -4 - 2?
0
Calculate 3 + 13 + -4 + -8 + -11.
-7
Evaluate -8 + (-4 - -6) - 0 - 3.
-9
Evaluate -4 - (-3 - 2) - (-2 + -1).
4
What is -1 + -2 + -1 - -2?
-2
What is (-9 - (-15 - -8)) + -5 + 1?
-6
Calculate 0 - (1 - -3) - -2.
-2
Calculate 8 - -8 - 9 - 7.
0
Calculate 0 - 24 - -13 - -9.
-2
What is the value of (12 - 7) + (-3 - 7) + 3?
-2
Evaluate 4 + (-1 + 3 - 4).
2
Calculate 11 + -5 - (-11 - -24) - -5.
-2
What is 4 - -5 - 2 - (-2 + 10)?
-1
What is 9 - 12 - -11 - 5?
3
Calculate 1 - (-8 - -3) - (0 + 0).
6
-4 - (1 - (8 + -2))
1
What is -1 + -1 - (-14 - -5 - -12)?
-5
Evaluate 3 - 2 - (-4 + 10 + -2).
-3
What is the value of 0 - (2 - (14 + -8))?
4
(-3 - 4) + 7 - 6
-6
What is (3 - 5) + (2 - 1) + 4?
3
Evaluate (-10 - -11) + (1 - -3) + -10.
-5
What is 0 - (-2 + -2 - -3)?
1
-5 + 3 + 5 + -4
-1
What is 3 + (3 - (5 - (7 - 3)))?
5
Calculate (4 - -1) + -3 + 1.
3
Evaluate (0 - (1 + -3)) + -3.
-1
What is -4 + -3 - (-2 + -1) - -4?
0
Calculate -3 + (-3 - -2) + 4.
0
Calculate -1 + 0 + -2 + 1.
-2
What is 0 - (6 + -1 - (28 - 17))?
6
Evaluate (-1 - -5) + (-1 - (2 - 1)).
2
Calculate 51 + -47 - (4 - 2).
2
What is -1 + 0 + 3 + 0 + 0?
2
What is the value of 2 - ((17 - 8) + -1) - 4?
-10
Calculate (-2 - -12) + (6 - 12).
4
(-5 - -14) + 4 + -18
-5
Evaluate -1 - ((-2 - -3 - 7) + 2).
3
Evaluate -1 + -8 - (21 + -30).
0
Calculate 0 + (1 - 5) - (22 + -32).
6
What is the value of 1 + 1 + -3 + (5 - 2)?
2
Evaluate 11 - ((9 - -4) + -5).
3
What is the value of 3 - -1 - (-7 - (-4 + -2))?
5
Evaluate 2 + (-1 - (-11 - -5)) - 9.
-2
Calculate 3 - (0 + (-4 - -12) + 0).
-5
Evaluate 1 + 0 + 6 - (0 + 7).
0
What is 0 - (0 + 0 + -3 - -4)?
-1
What is the value of -1 + 1 + 0 - (-87 - -81)?
6
What is the value of (-4 - 0) + 2 - -4?
2
What is 2 + 2 - 1 - (9 + -9)?
3
What is (-1 - -6) + -7 + 4?
2
What is the value of (3 - 3) + (-5 - (-1 + 5))?
-9
What is 12 - ((0 - 2) + (30 - 23))?
7
(2 - 2 - 0) + (44 - 49)
-5
Calculate -1 + 4 - (3 + 4).
-4
Calculate -10 - -5 - (-5 + 1 + 4).
-5
What is the value of -5 + -2 + 4 + -1?
-4
What is -2 - -4 - (-6 + 3 + 3)?
2
What is (-1 - -4) + -5 + -2?
-4
-3 + 3 + -4 + 8 + -1
3
Calculate -2 - (6 - (4 + 0)).
-4
Calculate 7 - -2 - (2 - -1).
6
Evaluate -1 + 0 + (-2 - (-7 - 0)).
4
Evaluate -5 + 1 + (10 - 0) + 2.
8
0 + 2 - (1 + 3 + -2)
0
Evaluate (3 - 5) + -9 + 5.
-6
-11 + 15 + 1 + 0
5
What is the value of (0 - 4 - -9) + -10?
-5
9 + -1 - (-16 + 29)
-5
Calculate 2 - 4 - (11 - 12).
-1
0 + 0 - (13 + (-29 - -24))
-8
What is the value of -5 + 4 - (0 + 3) - -2?
-2
What is the value of -2 + (-3 + -1 - (-22 + 23))?
-7
Calculate -13 - (1 - 8 - 3).
-3
What is 1 - (5 - 8 - (-2 + -3))?
-1
What is -2 + 7 - (-10 - -24)?
-9
7 + (-15 - (-4 - -1))
-5
Evaluate 54 + -58 + -1 + 4.
-1
What is 9 - (-1 - -7) - 9?
-6
0 + -4 - (0 - 1)
-3
What is the value of -6 - (-3 + (-3 - -4))?
-4
What is the value of (0 - 2) + -1 + 4?
1
Calculate -4 - (2 - 10 - -2).
2
What is the value of 5 + -5 + 2 + -2?
0
Calculate -3 - -4 - (-1 + 0 + 4).
-2
4 + (-5 - -9) - 5
3
1 - (-4 + 4 - -4)
-3
1 + -2 - 5 - (-11 + 12)
-7
What is 9 + -1 + -32 + 30?
6
Calculate 5 + (-2 + 8 - 5) + -2.
4
What is 4 - (-3 - (-6 - -3) - -1)?
3
Evaluate -2 + (0 - 1) + -9 + 10.
-2
(0 - (3 + -4) - -2) + -4
-1
What is the value of -6 + (-8 - (-23 + 3))?
6
What is the value of -3 - -3 - -3 - (16 + -19)?
6
10 - 6 - (-4 - -3 - -1)
4
Evaluate 3 + 2 + 0 + -1 + -2.
2
What is 2 - 1 - (3 - (3 + 2))?
3
Evaluate 9 - 1 - (1 - (-6 + 2)).
3
Calculate 1 + -2 - (-1 + (1 - 3)).
2
Calculate -3 - (79 - 74 - (0 - 0)).
-8
Calculate 14 - (4 - (-12 + 8)).
6
Evaluate (3 - 5 - -6) + 3 + 0.
7
0 - (-11 + (14 - 6))
3
Calculate 14 + (4 - (-4 + 1 + 10)).
11
What is the value of (-1 + -4 - -3) + (-6 - -3)?
-5
Evaluate -10 - -10 - 3 - -8.
5
What is the value of (4 - 7) + (4 - 2)?
-1
What is the value of -2 - (-4 - (-7 + 4))?
-1
Evaluate 2 + -5 - 5 - (43 - 51).
0
What is 4 + (0 - -2) + -4?
2
Calculate (0 - -2) + 0 - 3.
-1
Evaluate (-2 - (-2 - -4)) + 9 - 7.
-2
Calculate (-51 - -44) + (-1 - 0) + 5.
-3
Evaluate -6 - (-9 + -6 + -2 + 5).
6
Calculate (5 + -15 - -5) + 0 - -2.
-3
What is the value of (-3 - -7) +